on factor of l and 3692?
284
Suppose 1778 = 78*h - 3526. Calculate the greatest common divisor of h and 4913.
17
Let m be (-23 + 3)/(2*5/(-260)). Let g = 530 - m. Calculate the highest common divisor of g and 860.
10
Let c be 31808/252 + 6/81*-3. What is the greatest common divisor of 364 and c?
14
Let w = -71 + -1. Let t = 216 - w. What is the highest common factor of t and 64?
32
Suppose 7*p - 1840 = -9*p - 30*p. Let g(l) = -23*l + 2. Let s be g(-6). Calculate the highest common factor of s and p.
20
Let m = -57 + 266. Let q = m - 205. What is the greatest common divisor of 76 and q?
4
Let a(m) = m**3 + 11*m**2 - 15*m - 21. Let x be a(-12). Let l(t) = 3*t - 11. Let r be l(x). Let d = r - -71. Calculate the greatest common factor of d and 15.
15
Let m(v) = 12*v**2 + 444*v + 2687. Let z be m(-6). Let d(o) = o + 35. Let s be d(0). What is the greatest common divisor of z and s?
35
Let y(b) = -b**2 + 10*b + 70. Let l be y(15). Let u be (-112)/l*7/28*10. Calculate the greatest common factor of u and 182.
14
Let k(j) = 13*j**2 - j - 4. Let t be k(3). Let p = 584 - 574. Calculate the highest common factor of p and t.
10
Let b = 128 + 28. Suppose w + 330 - 390 = 0. Calculate the highest common divisor of w and b.
12
Suppose 0 = -m - 2*o + 9907, 4*m - 39683 = -5*o + 8*o. Calculate the greatest common factor of 94 and m.
47
Let x be (-1)/((-4)/(-48)*-2 - 0). Suppose 2*o + 2*w = 48, 3*w = 5*o + 249 - 353. What is the greatest common divisor of o and x?
2
Let p = -2950 + 3004. What is the highest common factor of p and 2349?
27
Let z(i) = i**3 - 6*i**2 - 12*i + 11. Let j be z(8). Suppose -35*t + j*t - 336 = 0. Let c = 60 - t. Calculate the highest common factor of c and 2.
2
Let u(k) = -134*k + 2974. Let f be u(19). Calculate the greatest common factor of f and 1391.
107
Let d = -38 + 68. Suppose 2300 = 28*t + 87*t. Calculate the greatest common divisor of t and d.
10
Suppose 5*n - 44106 = 2*o, n - 8805 = -23*o + 18*o. What is the greatest common divisor of n and 28?
28
Let v(j) = -2*j**2 + 30*j + 4. Let p be v(14). Let t be ((-566)/(-849))/(2/864). Calculate the highest common divisor of p and t.
32
Let b be ((-18)/(-1))/((-81)/(-108)). What is the greatest common divisor of b and 2370?
6
Let o = 12921 - 12849. What is the greatest common divisor of o and 1089?
9
Let k = -206 - -110. Let i = -72 - k. Calculate the greatest common factor of i and 24.
24
Let l = -550 - -693. Calculate the greatest common factor of 4147 and l.
143
Suppose 0 = -57*i + 5501 + 3220. What is the greatest common factor of 7599 and i?
51
Let n be -1100*((-416)/240 + 6/45). What is the greatest common factor of 15 and n?
5
Suppose 649 - 658 = -3*p, 0 = -q - 4*p + 48. Calculate the greatest common factor of q and 27.
9
Let z = -19 - -31. Suppose 1113 = 5*a + 418. Suppose 149 + a = z*l. Calculate the highest common factor of 96 and l.
24
Let g be (-6 + 18)/4 - -166. Let k = g - 16. Calculate the highest common divisor of k and 17.
17
Let x = -98 - -148. Let n(s) = -s**2 + 9*s + 2. Let o be n(7). Suppose -4*d + 78 = i, 0 = d + o*i - 20*i - 28. Calculate the greatest common factor of d and x.
10
Suppose -5*g = -g + 83*g - 67338. Calculate the greatest common factor of 414 and g.
18
Suppose -19*j + 56 = 18. Suppose 3*b - 5*w - 98 = 0, 0*w + j*w = -4*b + 122. What is the highest common factor of 248 and b?
31
Let j be ((-5)/20)/(2/(-152)) - 4. Suppose j*m - 2327 = 1423. What is the highest common factor of m and 100?
50
Suppose -4*m = -2*t - 1518, 2*m + 2*m = -4*t + 1512. Let d = 577 - m. Suppose -7*r + d = -6*r. Calculate the greatest common divisor of r and 22.
22
Let q = 14009 - 13953. What is the greatest common factor of 3143 and q?
7
Let x = -6348 + 10436. Calculate the greatest common factor of 56 and x.
56
Let n be 1/(-3)*(11 - 251)/8. Let f be 522/5 - (-6)/n. Calculate the greatest common divisor of 63 and f.
21
Let b(p) = -350*p - 25. Let a be b(1). Let u = 377 + a. Let f = 21 + -3. Calculate the highest common factor of u and f.
2
Let x(b) = -49*b**2 + 9*b - 10. Let r be x(-9). Let k be r/87*3/(-4). Calculate the greatest common factor of k and 70.
35
Let t be ((-18)/(-12))/(3/68) + 3. Let i = 237 - 140. Suppose 99*g = i*g + 296. What is the greatest common factor of t and g?
37
Let k be ((104/(-3))/8)/((-3)/54). Let w = k - 60. Let u be (-10)/6*162/(-3). Calculate the greatest common divisor of u and w.
18
Let r(w) = w + 5. Suppose 0 = -4*m - 18 + 6. Let y be r(m). Suppose -d + y = -63. Calculate the highest common factor of d and 13.
13
Suppose 4*t - 53 = 5*s, -s - 2*s + 69 = 6*t. Suppose -12 = 9*z - 5*z. Let j be (12/(-16) - z)*48. What is the highest common divisor of t and j?
12
Let d = -664 + 666. Let o be 958/4 - (-1)/d. Calculate the greatest common divisor of 48 and o.
48
Let g(w) = -155*w + 36. Let p be g(-3). Calculate the highest common factor of p and 167.
167
Let o(k) = -45*k - 1639. Let b be o(-50). Calculate the highest common divisor of b and 117.
13
Suppose 6*b + 4*i - 472 = 0, b - 2*i - 20 = 48. Suppose 0 = -x + 3*x - 228. What is the highest common divisor of x and b?
38
Suppose 4*f = 112 + 152. Let q be (-1706)/(-2) + (220 - 215). What is the highest common divisor of q and f?
66
Let k(n) = -363*n**3 + n**2 - 9*n - 9. Let d be k(-1). Calculate the highest common divisor of d and 247.
13
Let h = 157 + -265. Let s = h - -272. Let i = -68 + s. What is the highest common divisor of i and 12?
12
Let o = 22 + -8. Let v = -33789 - -33908. What is the highest common factor of v and o?
7
Let a = 88 - 75. Suppose -8*r - a = -37. Calculate the highest common divisor of r and 12.
3
Let p(j) = -j**3 + 10*j**2 + 34*j - 120. Let t be p(10). Calculate the highest common divisor of t and 1276.
44
Let a be 634/1902*38*(-1 + 10). What is the greatest common factor of 323 and a?
19
Suppose -123*u + 19776 = -120*u. What is the greatest common factor of u and 64?
64
Let w(a) = 62*a**2 + 16*a - 14. Let m be w(1). Suppose -m = -q - 3*y + 2*y, 5*y - 260 = -4*q. What is the greatest common divisor of 50 and q?
10
Suppose 58 = 5*v + 8. Suppose 97*f = 94*f + 12. Let n be (-609)/(-14) - (-4)/8 - f. Calculate the greatest common divisor of n and v.
10
Let z = 80 + -50. Let m(x) = 39*x**2 - 20*x - 21. Let r be m(-1). Suppose 4*s - 4*l - r = 10, -s + 2 = 4*l. Calculate the greatest common divisor of z and s.
10
Let x(f) = -89*f + 42. Suppose -30 = 4*q - 0*o + 2*o, -o = -3*q - 20. Let v be x(q). Suppose 0 = -2*j - 95 + v. Calculate the highest common factor of j and 15.
15
Let p = -619 + 685. What is the highest common divisor of p and 5214?
66
Suppose -3 = -2*k + 5*c, k - 5*c = -3 + 7. Let q be ((-30)/(-18))/(k/(-51)). Let u be (-70)/(-4) + 1/(-2). Calculate the greatest common factor of u and q.
17
Suppose 14*x - 114 = 11*x. Suppose -4*q - 44 = -4*a, 0 = 3*a - 5*q + 7*q - x. Suppose 3*f - 8 = 4. What is the greatest common divisor of a and f?
4
Suppose -9*b = -11*b - 2*b + 20. What is the greatest common divisor of 160 and b?
5
Suppose 6*g - 15 = 93. Let b = -126 + 216. Calculate the greatest common factor of g and b.
18
Suppose -5*y + 207 = -608*p + 610*p, -46 = -y - 5*p. What is the greatest common divisor of y and 36367?
41
Let o be ((-1)/3)/((-42)/(-504)). Let m be (-15588)/(-153) - o/34. What is the greatest common divisor of m and 357?
51
Let o be -18*19/(-855) - 73/(-5). Calculate the highest common divisor of o and 16935.
15
Suppose -22 - 44 = 30*v - 276. Let t = 7 + -17. Let j = t + 17. Calculate the highest common factor of v and j.
7
Suppose 11387 - 15802 - 41434 = -29*y. Calculate the greatest common divisor of 119 and y.
17
Suppose 0 = -2*h - 4*z + 36, -4*z - 28 + 8 = 0. Suppose 5096 = -12*p + 38*p. What is the greatest common divisor of p and h?
28
Suppose -4*v + 5*v - 536 = 4*k, -25 = 5*k. What is the highest common factor of 15 and v?
3
Let o be (-2)/(-6 - 24/(-6))*(-86355)/(-9). What is the greatest common factor of 190 and o?
95
Suppose -7*u - 901 = -19*u + 899. What is the greatest common factor of 4425 and u?
75
Let l(s) = -s**2 - 79*s + 584. Let f be l(-77). What is the highest common factor of 252 and f?
18
Let w(b) = -7*b**3 + b**2 + b. Let y be w(-1). Suppose -y = -5*f + 3. Suppose -31*u - 105 = -46*u. What is the greatest common divisor of u and f?
1
Sup